).
-5
Let j(i) = 147*i**3 + 2*i**2 - 1. Give j(-1).
-146
Let j(z) = -14*z**2 - 156*z - 26. Calculate j(-11).
-4
Let a(i) = 8*i - 3. Calculate a(4).
29
Let m(u) = 3*u + 28. Give m(-10).
-2
Let p(w) = -w**3 + 50*w**2 - w + 44. Give p(50).
-6
Let s(y) = y**3 + 20*y**2 - 43*y + 33. Calculate s(-22).
11
Let f(r) = 11*r - 251. What is f(22)?
-9
Let o(w) = -w**2 - 12*w - 36. Calculate o(-7).
-1
Let v(p) = 5*p**2 - p. Give v(-1).
6
Let v(i) = i**2 - 14*i. Give v(13).
-13
Let s(n) = 10*n + 59. Determine s(-9).
-31
Let h(w) = w**3 + 3*w**2 - 6. What is h(-2)?
-2
Let u(b) = 2*b**2 + 11*b - 7. Calculate u(-6).
-1
Let m(k) = -k + 33. Determine m(8).
25
Let y(n) = -n**2 + 10*n - 25. Determine y(6).
-1
Let x(m) = -10*m - 56. What is x(-11)?
54
Let g(o) = -o**3 + 12*o**2 - 4*o + 14. Give g(12).
-34
Let t(f) = -f**2 + 54. Determine t(-7).
5
Let y(k) = -k**3 + 4*k**2 - 5*k + 3. Give y(3).
-3
Let m(p) = p**2 - 59*p + 411. What is m(8)?
3
Let h(u) = u**3 - 11*u**2 - 12*u - 2. Determine h(12).
-2
Let h(d) = -d**2 - 5*d - 5. What is h(-1)?
-1
Let z(i) = -5*i + 44. What is z(6)?
14
Let o(i) = -30*i**2 - 3*i + 1. Determine o(1).
-32
Let b(t) = t**3 - 13*t**2 + 41*t - 19. Give b(9).
26
Let u(f) = 2*f + 24. Determine u(-12).
0
Let h(y) = 2*y**2 - y - 3. Determine h(2).
3
Let t(b) = -3*b**3 - 8*b**2 + 5*b + 2. Determine t(-3).
-4
Let n(l) = l**3 - 15*l**2 - 33*l - 24. Give n(17).
-7
Let s(c) = -c**3 - 25*c**2 + 2*c + 47. Give s(-25).
-3
Let r(n) = n**3 + 21*n**2 + 41*n + 28. What is r(-19)?
-29
Let j(v) = v**2 - v. Calculate j(4).
12
Let d(m) = -3*m + 140. What is d(45)?
5
Let t(v) = -2*v - 9. What is t(-9)?
9
Let u(m) = -2*m**3 + 2*m**2 - 2*m + 2. Determine u(1).
0
Let u(c) = 3*c**2 + 2*c - 1. Give u(-2).
7
Let i(q) = -q**3 + 6*q**2 - 5*q + 4. Determine i(4).
16
Let v(s) = -11*s + 5. What is v(-2)?
27
Let l(x) = x + 3. Give l(7).
10
Let r(k) = 2*k**2 - k + 1. Determine r(-1).
4
Let z(g) = -6*g + 7. Determine z(4).
-17
Let m(u) = -3*u + 9. What is m(0)?
9
Let y(b) = 2*b**2 + 5*b. Give y(-5).
25
Let p(h) = 3*h**2 - 18*h - 197. What is p(-6)?
19
Let z(l) = -l**2 - 15*l - 27. Give z(-8).
29
Let l(j) = -2*j**2 + 3. Calculate l(3).
-15
Let i(d) = -2*d - 1. What is i(-3)?
5
Let s(o) = 3*o - 50. Give s(7).
-29
Let k(u) = -u**3 - 3*u - 14. What is k(0)?
-14
Let o(z) = 3*z**2 + 7*z + 4. Calculate o(-3).
10
Let g(t) = t - 41. Determine g(11).
-30
Let u(d) = d**3 - 3*d**2 - 27*d + 86. What is u(5)?
1
Let x(s) = 3*s + 28. Give x(-7).
7
Let t(q) = -3*q + 8. What is t(-13)?
47
Let r(j) = -j**3 + 2*j**2 + 12*j + 14. Calculate r(5).
-1
Let w(j) = -21*j**2 + j. Determine w(-1).
-22
Let u(o) = -10*o - 87. Give u(-9).
3
Let t(q) = -q**2 - 12*q - 11. What is t(-11)?
0
Let f(v) = -18*v + 64. Determine f(4).
-8
Let w(t) = -t**2 + 10*t + 7. What is w(9)?
16
Let t(s) = s**3 - 6*s**2 - 15*s + 24. Determine t(7).
-32
Let r(f) = -21*f - 265. Give r(-13).
8
Let m(p) = 3*p**2 - 64*p + 8. What is m(21)?
-13
Let c(t) = -t**2 - 23*t - 33. Give c(-23).
-33
Let s(k) = -5*k**2 - 3*k - 3. Give s(-2).
-17
Let z(j) = -j**3 + 9*j**2 + 14*j - 2. Give z(10).
38
Let g(x) = -88*x - 2. Determine g(0).
-2
Let d(y) = -y**2 - 27*y - 37. What is d(-27)?
-37
Let q(g) = 2*g**2 + 38*g - 73. Calculate q(2).
11
Let u(x) = -2*x**2 + 2*x + 1. What is u(-4)?
-39
Let j(p) = -3*p**3 + 11*p**2 - 5*p + 4. Calculate j(3).
7
Let f(l) = -3*l**2 - 5*l - 13. What is f(-2)?
-15
Let x(r) = -r**3 - 2*r**2 + r + 17. Calculate x(0).
17
Let q(v) = v**3 + 32*v**2 - 3*v - 97. What is q(-32)?
-1
Let d(i) = -i + 14. Calculate d(15).
-1
Let p(j) = -j**3 - 8*j**2 + 11*j - 1. Give p(-9).
-19
Let k(p) = 2*p**2 - 9*p + 1. Give k(6).
19
Let p(s) = -s**3 + s + 24. Determine p(0).
24
Let k(a) = a**2 - 45*a - 147. What is k(48)?
-3
Let w(d) = -3*d - 4. What is w(4)?
-16
Let l(k) = -k**3 + 10*k**2 + 2. Determine l(10).
2
Let d(x) = x**2 - 102*x - 531. Give d(-5).
4
Let n(h) = -h**3 + 37*h**2 - 37*h + 39. Calculate n(36).
3
Let u(l) = -l**3 - 13*l**2 - 14*l - 17. Determine u(-12).
7
Let o(r) = -9*r - 4. Give o(1).
-13
Let a(s) = -s + 14. What is a(-11)?
25
Let u(d) = -d**3 + 11*d**2 + 10*d + 14. What is u(12)?
-10
Let z(a) = -8*a + 6. What is z(0)?
6
Let c(y) = y**3 + 6*y**2 + y + 1. Determine c(-4).
29
Let m(k) = 4*k - 52. Calculate m(12).
-4
Let p(s) = s**2 - 13*s - 10. Give p(14).
4
Let c(i) = 3*i**3 + 2*i**2 + 3*i + 2. Calculate c(-1).
-2
Let h(c) = -5*c**2 + 28*c + 3. What is h(6)?
-9
Let g(h) = -h**2 + 24*h - 106. Determine g(18).
2
Let n(f) = 6*f**2 + 2. Determine n(-2).
26
Let n(k) = k**2 - 5*k - 7. What is n(5)?
-7
Let g(b) = -8*b**2 + 6*b + 5. What is g(-1)?
-9
Let z(h) = h**3 - 27*h**2 + 23*h + 83. Calculate z(26).
5
Let d(g) = g**3 + 5*g**2 - 7*g - 5. Calculate d(-5).
30
Let x(y) = y - 28. Give x(0).
-28
Let m(c) = 43*c - 8. What is m(2)?
78
Let g(b) = b**3 + b**2 - 2*b + 2. Calculate g(1).
2
Let z(o) = -2*o + 34. Calculate z(28).
-22
Let p(r) = -r**3 - 15*r**2 + r + 15. Give p(-15).
0
Let w(h) = h**3 - h + 4. What is w(-3)?
-20
Let h(n) = 6*n**2 - 3*n + 4. Calculate h(3).
49
Let u(v) = -v**2 - 14*v + 51. Determine u(-17).
0
Let n(m) = m**2 + 10*m + 19. What is n(-8)?
3
Let m(u) = -u**3 - 13*u**2 - 36*u + 1. What is m(-4)?
1
Let j(g) = g**2 + 10*g - 6. Calculate j(-11).
5
Let x(q) = -10*q**2 + 11*q - 13. What is x(3)?
-70
Let r(y) = -8*y + 349. Calculate r(44).
-3
Let w(k) = -6*k**2 + 50*k - 19. Give w(8).
-3
Let r(w) = -8*w + 41. Give r(7).
-15
Let c(w) = -4*w**2 + 10*w - 10. Calculate c(2).
-6
Let r(y) = -7*y + 14. Give r(5).
-21
Let u(w) = 2*w**3 + 6*w**2 + 7*w + 5. Determine u(-3).
-16
Let o(q) = -15*q + 66. Determine o(5).
-9
Let g(l) = 2*l - 8. Calculate g(-5).
-18
Let f(b) = 3*b**3 - 4*b**2 - 2*b + 6. Give f(2).
10
Let j(r) = -3*r - 15. What is j(4)?
-27
Let k(j) = -4*j - 82. Give k(-11).
-38
Let r(n) = -n**3 - 14*n**2 + 24*n + 127. Determine r(-15).
-8
Let r(k) = k**3 - 44*k**2 - 93*k + 46. Determine r(46).
0
Let q(t) = -2*t**3 + 20*t**2 - 18*t - 2. Give q(9).
-2
Let x(p) = -39*p + 6. Give x(5).
-189
Let t(r) = 51*r - 119. Determine t(2).
-17
Let g(t) = -t**2 - 6*t - 1. Give g(-6).
-1
Let c(z) = -z + 6. Calculate c(16).
-10
Let v(x) = -6*x - 40. Determine v(-16).
56
Let c(u) = -3*u**3 + 40*u**2 - 16*u + 32. Calculate c(13).
-7
Let z(w) = -2*w**2 - 2*w + 10. Calculate z(-9).
-134
Let s(y) = 4*y - 34. What is s(7)?
-6
Let s(g) = -g**2 - 24*g + 53. Calculate s(-26).
1
Let d(b) = b**3 + 3*b**2 + 2*b - 1. Determine d(-1).
-1
Let c(q) = q**2 - 9*q - 28. What is c(11)?
-6
Let o(p) = 5*p + 5. Give o(-7).
-30
Let j(t) = 26*t - 1041. Calculate j(40).
-1
Let g(a) = 2*a**2 - 12*a + 3. Determine g(7).
17
Let b(y) = y**2 + 17*y - 22. Calculate b(-18).
-4
Let u(f) = -f**3 - f**2 - 3*f - 82. Calculate u(0).
-82
Let s(y) = -10*y + 41. Calculate s(6).
-19
Let u(a) = 11*a + 84. Give u(-8).
-4
Let y(s) = -s - 12. Give y(-4).
-8
Let k(y) = -2*y - 8. Calculate k(6).
-20
Let h(j) = 5*j**2 - 14*j + 31. Calculate h(8).
239
Let f(z) = 5*z**2 + 2*z - 7. What is f(3)?
44
Let u(d) = 107*d**3 - d**2 + d + 2. Determine u(-1).
-107
Let z(k) = -3*k**2 - 5*k + 3. Calculate z(3).
-39
Let a(v) = -25*v**2 + 153*v - 14. Determine a(6).
4
Let t(n) = n**3 - 5*n**2 - n + 12. Calculate t(5).
7
Let c(h) = h**2 - 2*h + 2. Determine c(-3).
17
Let d(u) = -7*u + 34. Calculate d(15).
-71
Let b(i) = -i**3 - 5*i**2 - 9*i - 24. Calculate b(-4).
-4
Let c(q) = q**3 + 6*q**2 + 9. Determine c(-6).
9
Let n(r) = r**2 + 28*r - 2. Give n(-28).
-2
Let o(g) = -86*g + 2. Calculate o(-1).
88
Let j(r) = -r + 14. Give j(7).
7
Let l(d) = -d**2 + 21*d + 2. Give l(10).
112
Let w(k) = -114*k + 686. What is w(6)?
2
Let j(t) = -2*t + 22. Calculate j(-4).
30
Let p(k) = k**2 - 75*k + 856. Give p(61).
2
Let k(d) = 3*d + 76. Determine k(-23).
7
Let b(c) = c**2 - 6*c - 3. Determine b(9).
24
Let i(n) = n**3 + 11*n**2 - 11*n + 17. Give i(-12).
5
Let b(h) = -2*h**2 - 19*h - 31. What is b(-8)?
-7
Let g(j) = -2*j**3 + 5*j**2 + 4*j - 4. Give g(4).
-36
Let i(k) = -30*k**2 + 13*k - 13. What is i(1)?
-30
Let y(u) = 3*u + 92. Calculate y(-35).
-13
Let m(s) = -9*s**2 - 43*s - 3. Determine m(-4).
25
Let x(t) = -2*t**2 + 4*t + 34. Determine x(5).
4
Let h(i) = 4*i**2 - 88*i - 29. Determine h(22).
-29
Let w(s) = -21*s**3 + s - 1. Calculate w(1).
-21
Let z(p) = 2*p**2 - 6*p - 7. Determine z(5).
13
Let i(y) = -y. Give i(